{"id":469,"date":"2025-04-01T23:55:28","date_gmt":"2025-04-02T02:55:28","guid":{"rendered":"https:\/\/www.macarani.ba.gov.br\/site\/?page_id=469"},"modified":"2026-04-14T07:25:25","modified_gmt":"2026-04-14T10:25:25","slug":"acesso-a-informacao","status":"publish","type":"page","link":"https:\/\/www.macarani.ba.gov.br\/site\/?page_id=469","title":{"rendered":"Acesso \u00e0 Informa\u00e7\u00e3o"},"content":{"rendered":"\n<figure class=\"wp-block-image size-full is-resized\"><img decoding=\"async\" loading=\"lazy\" width=\"750\" height=\"133\" src=\"http:\/\/www.macarani.ba.gov.br\/site\/wp-content\/uploads\/2025\/04\/banner_esic.jpg\" alt=\"\" class=\"wp-image-479\" style=\"aspect-ratio:5.639097744360902;width:1254px;height:auto\" srcset=\"https:\/\/www.macarani.ba.gov.br\/site\/wp-content\/uploads\/2025\/04\/banner_esic.jpg 750w, https:\/\/www.macarani.ba.gov.br\/site\/wp-content\/uploads\/2025\/04\/banner_esic-300x53.jpg 300w, https:\/\/www.macarani.ba.gov.br\/site\/wp-content\/uploads\/2025\/04\/banner_esic-500x89.jpg 500w\" sizes=\"(max-width: 750px) 100vw, 750px\" \/><\/figure>\n\n\n\n<div class=\"wp-block-columns is-layout-flex wp-container-3 wp-block-columns-is-layout-flex\">\n<div class=\"wp-block-column is-layout-flow wp-block-column-is-layout-flow\" style=\"flex-basis:66.66%\">\n<p>O acesso a informa\u00e7\u00f5es p\u00fablicas \u00e9 direito fundamental de todo cidad\u00e3o, estabelecido pela Lei Federal 12.527, sancionada em 18 de novembro de 2011. Com a Lei, ficou institu\u00eddo que, desde o dia 16 de maio de 2012, qualquer cidad\u00e3o pode solicitar informa\u00e7\u00f5es \u00e0s administra\u00e7\u00f5es e empresas, \u00f3rg\u00e3os e entidades do Governo. Para possibilitar \u00e0 Prefeitura Municipal cumprir o que determina a legisla\u00e7\u00e3o e viabilizar o acesso dos cidad\u00e3os \u00e0s informa\u00e7\u00f5es, dando mais transpar\u00eancia aos tr\u00e2mites da administra\u00e7\u00e3o p\u00fablica, foi implantado o m\u00f3dulo e-SIC &#8211; Sistema Eletr\u00f4nico de Servi\u00e7o de Informa\u00e7\u00f5es ao Cidad\u00e3o &#8211; no site da administra\u00e7\u00e3o.<br>Com o SIC, qualquer pessoa &#8211; f\u00edsica ou jur\u00eddica &#8211; poder\u00e1, de forma simples, solicitar informa\u00e7\u00f5es e acompanhar a tramita\u00e7\u00e3o do pedido junto \u00e0 unidade em que a informa\u00e7\u00e3o foi solicitada. Neste cadastro de pedido de informa\u00e7\u00e3o, o cidad\u00e3o especifica qual unidade precisa contatar, informa como quer receber a resposta \u00e0 sua solicita\u00e7\u00e3o, insere uma descri\u00e7\u00e3o ao seu pedido e ainda tem a possibilidade de anexar um documento, em formato PDF, de at\u00e9 3MB. O sistema registra o pedido e, automaticamente, envia por e-mail o protocolo para acompanhamento da requisi\u00e7\u00e3o.<br>Al\u00e9m de poder fazer o pedido de informa\u00e7\u00e3o e escolher a forma de resposta, o cidad\u00e3o poder\u00e1 acompanhar, com o n\u00famero do protocolo, a tramita\u00e7\u00e3o do processo e o prazo de resposta; entrar com recurso, caso a resposta n\u00e3o seja satisfat\u00f3ria; consultar as respostas recebidas; e ter acesso aos gr\u00e1ficos e relat\u00f3rios estat\u00edsticos de todos os pedidos de informa\u00e7\u00e3o realizados. Tudo isso no pr\u00f3prio site.<br>Nesta p\u00e1gina est\u00e3o todos os recursos e ferramentas que possibilitam a solicita\u00e7\u00e3o de informa\u00e7\u00f5es e as instru\u00e7\u00f5es de como utilizar o servi\u00e7o. Al\u00e9m disso, relat\u00f3rios e gr\u00e1ficos, apresentando as estat\u00edsticas dos pedidos de informa\u00e7\u00e3o, est\u00e3o disponibilizados nesta p\u00e1gina, agrupando todos os servi\u00e7os necess\u00e1rios para o atendimento \u00e0 Lei de Acesso \u00e0 Informa\u00e7\u00e3o em um s\u00f3 local. Caso necess\u00e1rio, entre em contato conosco. Estamos \u00e0 disposi\u00e7\u00e3o para mais esclarecimentos sobre a utiliza\u00e7\u00e3o do e-SIC.<\/p>\n<\/div>\n\n\n\n<div class=\"wp-block-column is-layout-flow wp-block-column-is-layout-flow\" style=\"flex-basis:33.33%\">\n<figure class=\"wp-block-image size-full\"><img decoding=\"async\" loading=\"lazy\" width=\"357\" height=\"337\" src=\"http:\/\/www.macarani.ba.gov.br\/site\/wp-content\/uploads\/2025\/04\/acesso.jpg\" alt=\"\" class=\"wp-image-486\" srcset=\"https:\/\/www.macarani.ba.gov.br\/site\/wp-content\/uploads\/2025\/04\/acesso.jpg 357w, https:\/\/www.macarani.ba.gov.br\/site\/wp-content\/uploads\/2025\/04\/acesso-300x283.jpg 300w\" sizes=\"(max-width: 357px) 100vw, 357px\" \/><\/figure>\n<\/div>\n<\/div>\n\n\n\n<div class=\"wp-block-columns is-layout-flex wp-container-7 wp-block-columns-is-layout-flex\">\n<div class=\"wp-block-column has-pale-cyan-blue-background-color has-background is-layout-flow wp-block-column-is-layout-flow\">\n<p class=\"has-large-font-size\"><strong>Presencial:<\/strong><\/p>\n\n\n\n<p class=\"has-medium-font-size\">Endere\u00e7o:&nbsp;Av. Camilo de J. Lima, 101, <\/p>\n\n\n\n<p class=\"has-medium-font-size\">Macarani \u2013 BA, 45760-000<\/p>\n<\/div>\n\n\n\n<div class=\"wp-block-column has-pale-cyan-blue-background-color has-background is-layout-flow wp-block-column-is-layout-flow\">\n<p class=\"has-large-font-size\"><strong>Atendimento:<\/strong><\/p>\n\n\n\n<p class=\"has-medium-font-size\">Tel:&nbsp;77 3274-2021<br>Ouvidoria:&nbsp;77 98881-0286<br>E-mail:&nbsp;pmmacaraniba@gmail.com<\/p>\n<\/div>\n\n\n\n<div class=\"wp-block-column has-pale-cyan-blue-background-color has-background is-layout-flow wp-block-column-is-layout-flow\">\n<p class=\"has-large-font-size\"><strong>Hor\u00e1rios<\/strong><\/p>\n\n\n\n<p class=\"has-medium-font-size\">segunda-feira 07:00\u201313:00<br>ter\u00e7a-feira 07:00\u201313:00<br>quarta-feira 07:00\u201313:00<br>quinta-feira 07:00\u201313:00<br>sexta-feira 07:00\u201313:00<\/p>\n<\/div>\n<\/div>\n","protected":false},"excerpt":{"rendered":"<p>O acesso a informa\u00e7\u00f5es p\u00fablicas \u00e9 direito fundamental de todo cidad\u00e3o, estabelecido pela Lei Federal 12.527, sancionada em 18 de novembro de 2011. Com a Lei, ficou institu\u00eddo que, desde o dia 16 de maio de 2012, qualquer cidad\u00e3o pode solicitar informa\u00e7\u00f5es \u00e0s administra\u00e7\u00f5es e empresas, \u00f3rg\u00e3os e entidades do Governo. Para possibilitar \u00e0 Prefeitura &hellip;<\/p>\n<p class=\"read-more\"> <a class=\"\" href=\"https:\/\/www.macarani.ba.gov.br\/site\/?page_id=469\"> <span class=\"screen-reader-text\">Acesso \u00e0 Informa\u00e7\u00e3o<\/span> Leia mais \u00bb<\/a><\/p>\n","protected":false},"author":1,"featured_media":504,"parent":0,"menu_order":0,"comment_status":"closed","ping_status":"closed","template":"","meta":{"footnotes":""},"_links":{"self":[{"href":"https:\/\/www.macarani.ba.gov.br\/site\/index.php?rest_route=\/wp\/v2\/pages\/469"}],"collection":[{"href":"https:\/\/www.macarani.ba.gov.br\/site\/index.php?rest_route=\/wp\/v2\/pages"}],"about":[{"href":"https:\/\/www.macarani.ba.gov.br\/site\/index.php?rest_route=\/wp\/v2\/types\/page"}],"author":[{"embeddable":true,"href":"https:\/\/www.macarani.ba.gov.br\/site\/index.php?rest_route=\/wp\/v2\/users\/1"}],"replies":[{"embeddable":true,"href":"https:\/\/www.macarani.ba.gov.br\/site\/index.php?rest_route=%2Fwp%2Fv2%2Fcomments&post=469"}],"version-history":[{"count":13,"href":"https:\/\/www.macarani.ba.gov.br\/site\/index.php?rest_route=\/wp\/v2\/pages\/469\/revisions"}],"predecessor-version":[{"id":505,"href":"https:\/\/www.macarani.ba.gov.br\/site\/index.php?rest_route=\/wp\/v2\/pages\/469\/revisions\/505"}],"wp:featuredmedia":[{"embeddable":true,"href":"https:\/\/www.macarani.ba.gov.br\/site\/index.php?rest_route=\/wp\/v2\/media\/504"}],"wp:attachment":[{"href":"https:\/\/www.macarani.ba.gov.br\/site\/index.php?rest_route=%2Fwp%2Fv2%2Fmedia&parent=469"}],"curies":[{"name":"wp","href":"https:\/\/api.w.org\/{rel}","templated":true}]}}