{"id":127,"date":"2021-03-02T22:45:38","date_gmt":"2021-03-03T01:45:38","guid":{"rendered":"http:\/\/www.macarani.ba.gov.br\/site\/?page_id=127"},"modified":"2026-04-14T07:24:48","modified_gmt":"2026-04-14T10:24:48","slug":"a-cidade","status":"publish","type":"page","link":"https:\/\/www.macarani.ba.gov.br\/site\/?page_id=127","title":{"rendered":"A Cidade"},"content":{"rendered":"<p>[vc_row][vc_column][vc_text_separator title=&#8221;A Cidade&#8221; i_icon_fontawesome=&#8221;far fa-building&#8221; i_color=&#8221;mulled_wine&#8221; i_size=&#8221;lg&#8221; title_align=&#8221;separator_align_left&#8221; add_icon=&#8221;true&#8221;][\/vc_column][\/vc_row][vc_row][vc_column][vc_column_text]<strong>Hist\u00f3ria<\/strong><br \/>\n<img decoding=\"async\" loading=\"lazy\" class=\"alignleft wp-image-275 size-medium\" src=\"http:\/\/www.macarani.ba.gov.br\/site\/wp-content\/uploads\/2021\/03\/800px-Horizonte_de_Macarani-300x225.jpg\" alt=\"\" width=\"300\" height=\"225\" srcset=\"https:\/\/www.macarani.ba.gov.br\/site\/wp-content\/uploads\/2021\/03\/800px-Horizonte_de_Macarani-300x225.jpg 300w, https:\/\/www.macarani.ba.gov.br\/site\/wp-content\/uploads\/2021\/03\/800px-Horizonte_de_Macarani-768x576.jpg 768w, https:\/\/www.macarani.ba.gov.br\/site\/wp-content\/uploads\/2021\/03\/800px-Horizonte_de_Macarani-500x375.jpg 500w, https:\/\/www.macarani.ba.gov.br\/site\/wp-content\/uploads\/2021\/03\/800px-Horizonte_de_Macarani.jpg 800w\" sizes=\"(max-width: 300px) 100vw, 300px\" \/>O nome Macarani significa Gruta dos \u00cdndios. Segundo a hist\u00f3ria a regi\u00e3o era habitada primariamente pelos \u00edndios antrop\u00f3fagos, os caranis, do grupo dos Botocudos. A hist\u00f3ria do munic\u00edpio se relaciona \u00e0 do munic\u00edpio de Vit\u00f3ria da Conquista, de onde foi emancipado o Munic\u00edpio de Encruzilhada, em 1 de janeiro de 1922, Macarani era distrito de Encruzilhada, desmembrando-se deste em 1944. Antes deste mesmo ano, devido ao poder pol\u00edtico, Macarani chegou a ser sede deste munic\u00edpio. O primeiro interventor, assim que emancipado, foi Jo\u00e3o Saliba, que tomou posse em 3 de abril de 1944 at\u00e9 1945, sendo substitu\u00eddo por Athan\u00e1sio da Silva Neto, que governou at\u00e9 1950.[5][7] Muita gente contribui para a funda\u00e7\u00e3o do munic\u00edpio, entre essas pessoas, pode-se destacar: Joviniano Neres, Ant\u00f4nio Caires Pinheiro de Carvalho e Dam\u00e1sio Ferreira, que juntos fundaram o Arraial de Macarani e oficializaram a escritura do terreno em maio de 1992 na cidade de Itamb\u00e9, que naquela \u00e9poca era conhecida tamb\u00e9m como Verruga. Essas personalidades s\u00e3o consideradas como os pioneiros quando da cria\u00e7\u00e3o do munic\u00edpio de Macarani, al\u00e9m do seu fundador, Joaquim Dagno. A primeira casa foi edificada no atual largo S\u00e3o Pedro.<\/p>\n<p><strong>Hidrografia<\/strong><br \/>\nMacarani \u00e9 banhado por v\u00e1rios rios, entre eles est\u00e3o: Rio Macarani, Rio Pater\u00e3o, Rio Mangerona, Rio Pardo e outros c\u00f3rregos.<\/p>\n<p><strong>Turismo<\/strong><\/p>\n<p>Pra\u00e7a Rodrigo Fernandes de Souza<br \/>\nMacarani \u00e9 uma cidade de lindas cachoeiras localizadas em uma regi\u00e3o denominada &#8220;Rio Bonito&#8221;. Muitas montanhas, e \u00e1gua cristalina. O rally de motos \u00e9 um esporte muito praticado nesta regi\u00e3o por turistas do sudoeste baiano. Um patrim\u00f4nio s\u00edmbolo e hist\u00f3rico de Macarani. Uma cidade bem arborizada.<\/p>\n<p>&nbsp;<\/p>\n<p>&nbsp;<\/p>\n<p>&nbsp;<\/p>\n<p>[\/vc_column_text][\/vc_column][\/vc_row]<\/p>\n","protected":false},"excerpt":{"rendered":"<p>[vc_row][vc_column][vc_text_separator title=&#8221;A Cidade&#8221; i_icon_fontawesome=&#8221;far fa-building&#8221; i_color=&#8221;mulled_wine&#8221; i_size=&#8221;lg&#8221; title_align=&#8221;separator_align_left&#8221; add_icon=&#8221;true&#8221;][\/vc_column][\/vc_row][vc_row][vc_column][vc_column_text]Hist\u00f3ria O nome Macarani significa Gruta dos \u00cdndios. Segundo a hist\u00f3ria a regi\u00e3o era habitada primariamente pelos \u00edndios antrop\u00f3fagos, os caranis, do grupo dos Botocudos. A hist\u00f3ria do munic\u00edpio se relaciona \u00e0 do munic\u00edpio de Vit\u00f3ria da Conquista, de onde foi emancipado o Munic\u00edpio de Encruzilhada, em &hellip;<\/p>\n<p class=\"read-more\"> <a class=\"\" href=\"https:\/\/www.macarani.ba.gov.br\/site\/?page_id=127\"> <span class=\"screen-reader-text\">A Cidade<\/span> Leia mais \u00bb<\/a><\/p>\n","protected":false},"author":1,"featured_media":504,"parent":0,"menu_order":0,"comment_status":"closed","ping_status":"closed","template":"","meta":{"footnotes":""},"_links":{"self":[{"href":"https:\/\/www.macarani.ba.gov.br\/site\/index.php?rest_route=\/wp\/v2\/pages\/127"}],"collection":[{"href":"https:\/\/www.macarani.ba.gov.br\/site\/index.php?rest_route=\/wp\/v2\/pages"}],"about":[{"href":"https:\/\/www.macarani.ba.gov.br\/site\/index.php?rest_route=\/wp\/v2\/types\/page"}],"author":[{"embeddable":true,"href":"https:\/\/www.macarani.ba.gov.br\/site\/index.php?rest_route=\/wp\/v2\/users\/1"}],"replies":[{"embeddable":true,"href":"https:\/\/www.macarani.ba.gov.br\/site\/index.php?rest_route=%2Fwp%2Fv2%2Fcomments&post=127"}],"version-history":[{"count":4,"href":"https:\/\/www.macarani.ba.gov.br\/site\/index.php?rest_route=\/wp\/v2\/pages\/127\/revisions"}],"predecessor-version":[{"id":274,"href":"https:\/\/www.macarani.ba.gov.br\/site\/index.php?rest_route=\/wp\/v2\/pages\/127\/revisions\/274"}],"wp:featuredmedia":[{"embeddable":true,"href":"https:\/\/www.macarani.ba.gov.br\/site\/index.php?rest_route=\/wp\/v2\/media\/504"}],"wp:attachment":[{"href":"https:\/\/www.macarani.ba.gov.br\/site\/index.php?rest_route=%2Fwp%2Fv2%2Fmedia&parent=127"}],"curies":[{"name":"wp","href":"https:\/\/api.w.org\/{rel}","templated":true}]}}